{"id":13349,"date":"2017-07-31T13:05:22","date_gmt":"2017-07-31T13:05:22","guid":{"rendered":"https:\/\/nex.vamtam.com\/?page_id=13349"},"modified":"2023-01-02T18:23:05","modified_gmt":"2023-01-02T18:23:05","slug":"sustentabilidade-qualidade","status":"publish","type":"page","link":"https:\/\/site2022.grefortec.com.br\/index.php\/sustentabilidade-qualidade\/","title":{"rendered":"Sustentabilidade &#038; Qualidade"},"content":{"rendered":"<div class=\"vgblk-rw-wrapper limit-wrapper\">\n<h2>\n\tO respeito ao meio ambiente faz parte dos valores em que acreditamos.\n\t<\/h2>\n\t\t\t\t\t\t\t<img decoding=\"async\" loading=\"lazy\" src=\"https:\/\/site2022.grefortec.com.br\/wp-content\/uploads\/2022\/11\/three.png\" alt=\"three\" itemprop=\"image\" height=\"56\" width=\"56\" title=\"three\" onerror=\"this.style.display='none'\" \/>\t\t\t\t\t\t\t\n<h3>\n\tCertifica\u00e7\u00e3o em Energia Renov\u00e1vel\n\t<\/h3>\n\t<p>A partir de diversas medidas reduzimos 105,305 toneladas na nossa emiss\u00e3o de CO2 e passamos a utilizar energia el\u00e9trica fotovoltaica, contribuindo para a preserva\u00e7\u00e3o ambiental e economia.<\/p>\n\t\t\t\t\t\t\t<img decoding=\"async\" loading=\"lazy\" src=\"https:\/\/site2022.grefortec.com.br\/wp-content\/uploads\/2022\/11\/shield.png\" alt=\"shield\" itemprop=\"image\" height=\"56\" width=\"56\" title=\"shield\" onerror=\"this.style.display='none'\" \/>\t\t\t\t\t\t\t\n<h3>\n\tProcessos Sustent\u00e1veis\n\t<\/h3>\n\t<p>Nosso tratamento t\u00e9rmico de t\u00eampera utiliza \u00f3leo mineral recicl\u00e1vel. Acompanhamos todas as etapas de recolhimento para garantir o descarte adequado.<\/p>\n\t\t\t\t\t\t\t<img decoding=\"async\" loading=\"lazy\" src=\"https:\/\/site2022.grefortec.com.br\/wp-content\/uploads\/2022\/11\/heart.png\" alt=\"heart\" itemprop=\"image\" height=\"56\" width=\"56\" title=\"heart\" onerror=\"this.style.display='none'\" \/>\t\t\t\t\t\t\t\n<h3>\n\tMeio Ambiente\n\t<\/h3>\n\t<p>Nos \u00faltimos 20 anos plantamos e garantimos a conserva\u00e7\u00e3o de mais de 2910 \u00e1rvores em nossas sedes.<\/p>\n\t\t\t\t\t\t\t<img decoding=\"async\" loading=\"lazy\" src=\"https:\/\/site2022.grefortec.com.br\/wp-content\/uploads\/2022\/11\/recycle.png\" alt=\"recycle\" itemprop=\"image\" height=\"56\" width=\"56\" title=\"recycle\" onerror=\"this.style.display='none'\" \/>\t\t\t\t\t\t\t\n<h3>\n\tReciclagem\n\t<\/h3>\n\t<p>Separamos o lixo para a coleta seletiva, onde mais de 45 toneladas de papel e papel\u00e3o s\u00e3o recicladas anualmente. Realizamos campanhas para arrecada\u00e7\u00e3o de latinhas, com doa\u00e7\u00e3o de valores para a APAE.<\/p>\n<h2>\n\t<strong> Redu\u00e7\u00e3o de CO2 <\/strong>\n\t<\/h2>\n\t<p>Acreditamos que a ind\u00fastria tem um importante papel na preserva\u00e7\u00e3o do meio ambiente e estamos engajados nesse compromisso. Reduzimos nossa emiss\u00e3o de CO2 em 105,305 toneladas, o que pode ser comparado ao di\u00f3xido de carbono produzido por:<\/p>\n\t\t\t\t\t\t\t1,046 ve\u00edculos leves\t\t\t\t\n\t\t\t<style>\n\t\t\t\t.fl-node- .fl-number-bars-container {\n\t\t\t\t\tbackground-color: var( --vamtam-accent-color-7 );\n\t\t\t\t}\n\t\t\t\t.fl-node- .fl-number-bar {\n\t\t\t\t\tbackground-color: var( --vamtam-accent-color-1 );\n\t\t\t\t}\n\t\t\t<\/style>\n\t<p>Nossa redu\u00e7\u00e3o de CO2 equivale ao di\u00f3xido de carbono gerado por 1046 ve\u00edculos leves \u00e0 gasolina percorrendo uma dist\u00e2ncia de 500 KM.<\/p>\n\t\t\t\t\t\t\t262 transportes rodovi\u00e1rios\t\t\t\t\n\t\t\t<style>\n\t\t\t\t.fl-node- .fl-number-bars-container {\n\t\t\t\t\tbackground-color: var( --vamtam-accent-color-7 );\n\t\t\t\t}\n\t\t\t\t.fl-node- .fl-number-bar {\n\t\t\t\t\tbackground-color: var( --vamtam-accent-color-1 );\n\t\t\t\t}\n\t\t\t<\/style>\n\t<p>A mesma quantia pode ser comparada ao CO2 produzido por 262 transportes rodovi\u00e1rios, percorrendo 500km com carga de 1 tonelada.<\/p>\n<h2>\n\t<strong>Qualidade<\/strong>\n\t<\/h2>\n\t<p>A GREFORTEC mant\u00e9m um laborat\u00f3rio pr\u00f3prio com dispositivos, instrumentos, equipamentos e profissionais capacitados a efetuar os exames e testes que seus clientes necessitam para assegurar a qualidade dos tratamentos realizados, tais como: profundidade de camada (total ou efetiva), dureza superficial ou interna, microdureza e micrografias em geral, ensaios de part\u00edculas magn\u00e9ticas, entre outros.<\/p>\n<p>O laborat\u00f3rio tamb\u00e9m \u00e9 respons\u00e1vel pela an\u00e1lise critica de novos processos, possibilitando \u00e0 GREFORTEC realizar tratamentos t\u00e9rmicos personalizados.<\/p>\n<p><a href=\"https:\/\/site2022.grefortec.com.br\/wp-content\/uploads\/2023\/01\/Signed-Cert-245032-2017-AQ-BRA-RvA.pdf-20200902-1599068228616.pdf\">Fa\u00e7a o download do certificado em PDF<\/a><\/p>\n\t\t\t\t\t\t\t<img decoding=\"async\" loading=\"lazy\" src=\"https:\/\/site2022.grefortec.com.br\/wp-content\/uploads\/2022\/11\/time-grefotec1_11zon.jpg\" alt=\"time-grefotec1_11zon\" itemprop=\"image\" height=\"590\" width=\"708\" title=\"time-grefotec1_11zon\" onerror=\"this.style.display='none'\"  sizes=\"auto, (max-width: 768px) 100vw, 100vw\" srcset=\"data:image\/svg+xml;utf8,&lt;svg%20xmlns=&quot;http:\/\/www.w3.org\/2000\/svg&quot;%20viewBox=&quot;0%200%20708%20590&quot;%20height=&quot;590px&quot;%20width=&quot;708px&quot;\/&gt;\" data-srcset=\"https:\/\/site2022.grefortec.com.br\/wp-content\/uploads\/2022\/11\/time-grefotec1_11zon.jpg 708w, https:\/\/site2022.grefortec.com.br\/wp-content\/uploads\/2022\/11\/time-grefotec1_11zon-300x250.jpg 300w, https:\/\/site2022.grefortec.com.br\/wp-content\/uploads\/2022\/11\/time-grefotec1_11zon-630x525.jpg 630w, https:\/\/site2022.grefortec.com.br\/wp-content\/uploads\/2022\/11\/time-grefotec1_11zon-420x350.jpg 420w, https:\/\/site2022.grefortec.com.br\/wp-content\/uploads\/2022\/11\/time-grefotec1_11zon-315x263.jpg 315w\" \/>\t\t\t\t\t\t\t\n\n<\/div><!-- .vgblk-rw-wrapper -->","protected":false},"excerpt":{"rendered":"<p>O respeito ao meio ambiente faz parte dos valores em que acreditamos. Certifica\u00e7\u00e3o em Energia Renov\u00e1vel A partir de diversas medidas reduzimos 105,305 toneladas na nossa emiss\u00e3o de CO2 e passamos a utilizar energia el\u00e9trica fotovoltaica, contribuindo para a preserva\u00e7\u00e3o ambiental e economia. Processos Sustent\u00e1veis Nosso tratamento t\u00e9rmico de t\u00eampera utiliza \u00f3leo mineral recicl\u00e1vel. Acompanhamos&#8230;<\/p>\n","protected":false},"author":1,"featured_media":0,"parent":0,"menu_order":0,"comment_status":"closed","ping_status":"closed","template":"","meta":{"inline_featured_image":false,"footnotes":""},"class_list":["post-13349","page","type-page","status-publish","hentry"],"jetpack_sharing_enabled":true,"_links":{"self":[{"href":"https:\/\/site2022.grefortec.com.br\/index.php\/wp-json\/wp\/v2\/pages\/13349","targetHints":{"allow":["GET"]}}],"collection":[{"href":"https:\/\/site2022.grefortec.com.br\/index.php\/wp-json\/wp\/v2\/pages"}],"about":[{"href":"https:\/\/site2022.grefortec.com.br\/index.php\/wp-json\/wp\/v2\/types\/page"}],"author":[{"embeddable":true,"href":"https:\/\/site2022.grefortec.com.br\/index.php\/wp-json\/wp\/v2\/users\/1"}],"replies":[{"embeddable":true,"href":"https:\/\/site2022.grefortec.com.br\/index.php\/wp-json\/wp\/v2\/comments?post=13349"}],"version-history":[{"count":14,"href":"https:\/\/site2022.grefortec.com.br\/index.php\/wp-json\/wp\/v2\/pages\/13349\/revisions"}],"predecessor-version":[{"id":988646,"href":"https:\/\/site2022.grefortec.com.br\/index.php\/wp-json\/wp\/v2\/pages\/13349\/revisions\/988646"}],"wp:attachment":[{"href":"https:\/\/site2022.grefortec.com.br\/index.php\/wp-json\/wp\/v2\/media?parent=13349"}],"curies":[{"name":"wp","href":"https:\/\/api.w.org\/{rel}","templated":true}]}}