{"id":12707,"date":"2017-05-08T17:41:42","date_gmt":"2017-05-08T17:41:42","guid":{"rendered":"https:\/\/nex.vamtam.com\/?page_id=12707"},"modified":"2023-01-02T18:14:05","modified_gmt":"2023-01-02T18:14:05","slug":"auto-parts","status":"publish","type":"page","link":"https:\/\/site2022.grefortec.com.br\/index.php\/equipamentos-industriais\/auto-parts\/","title":{"rendered":"Projetos Especiais com\u00a0tecnologia  Aichelin"},"content":{"rendered":"<div class=\"vgblk-rw-wrapper limit-wrapper\">\n<h2>\n\tPojetos Especiais sob medida<br \/><strong>para sua Demanda<\/strong>\n\t<\/h2>\n\t<p>O setor de engenharia da Grefortec conta com profissionais altamente habilitados na fabrica\u00e7\u00e3o de equipamento industriais. Trabalhamos com a constru\u00e7\u00e3o de projetos especiais de lavadoras, fornos para processos t\u00e9rmicos e estufas.<\/p>\n<p>Cada projeto especial \u00e9 desenvolvido a partir de uma minuciosa an\u00e1lise das necessidades e processo final do cliente. Nossa equipe desenvolve equipamentos customizados com o objetivo de oferecer uma solu\u00e7\u00e3o exclusiva de acordo com cada tipo de demanda.<\/p>\n<p>Para saber mais informa\u00e7\u00f5es e solicitar um or\u00e7amento, <a href=\"https:\/\/site2022.grefortec.com.br\/?page_id=987682\"><u>clique aqui<\/u><\/a>.<\/p>\n\n<\/div><!-- .vgblk-rw-wrapper -->","protected":false},"excerpt":{"rendered":"<p>Pojetos Especiais sob medidapara sua Demanda O setor de engenharia da Grefortec conta com profissionais altamente habilitados na fabrica\u00e7\u00e3o de equipamento industriais. Trabalhamos com a constru\u00e7\u00e3o de projetos especiais de lavadoras, fornos para processos t\u00e9rmicos e estufas. Cada projeto especial \u00e9 desenvolvido a partir de uma minuciosa an\u00e1lise das necessidades e processo final do cliente&#8230;.<\/p>\n","protected":false},"author":1,"featured_media":0,"parent":13334,"menu_order":0,"comment_status":"closed","ping_status":"closed","template":"","meta":{"inline_featured_image":false,"footnotes":""},"class_list":["post-12707","page","type-page","status-publish","hentry"],"jetpack_sharing_enabled":true,"_links":{"self":[{"href":"https:\/\/site2022.grefortec.com.br\/index.php\/wp-json\/wp\/v2\/pages\/12707","targetHints":{"allow":["GET"]}}],"collection":[{"href":"https:\/\/site2022.grefortec.com.br\/index.php\/wp-json\/wp\/v2\/pages"}],"about":[{"href":"https:\/\/site2022.grefortec.com.br\/index.php\/wp-json\/wp\/v2\/types\/page"}],"author":[{"embeddable":true,"href":"https:\/\/site2022.grefortec.com.br\/index.php\/wp-json\/wp\/v2\/users\/1"}],"replies":[{"embeddable":true,"href":"https:\/\/site2022.grefortec.com.br\/index.php\/wp-json\/wp\/v2\/comments?post=12707"}],"version-history":[{"count":8,"href":"https:\/\/site2022.grefortec.com.br\/index.php\/wp-json\/wp\/v2\/pages\/12707\/revisions"}],"predecessor-version":[{"id":988644,"href":"https:\/\/site2022.grefortec.com.br\/index.php\/wp-json\/wp\/v2\/pages\/12707\/revisions\/988644"}],"up":[{"embeddable":true,"href":"https:\/\/site2022.grefortec.com.br\/index.php\/wp-json\/wp\/v2\/pages\/13334"}],"wp:attachment":[{"href":"https:\/\/site2022.grefortec.com.br\/index.php\/wp-json\/wp\/v2\/media?parent=12707"}],"curies":[{"name":"wp","href":"https:\/\/api.w.org\/{rel}","templated":true}]}}